1
In base 2, what is -1000011 + 111?
-111100
In base 6, what is -2 - -543?
541
In base 12, what is 3a - -14a?
188
In base 6, what is 1 - -1113?
1114
In base 8, what is -5 - -34?
27
In base 12, what is 28 + 4?
30
In base 7, what is -520 - -3?
-514
In base 7, what is 5 + 5531?
5536
In base 4, what is 133201 - -2?
133203
In base 12, what is 0 - 127?
-127
In base 5, what is -114213 - 2?
-114220
In base 8, what is -1271 + -24?
-1315
In base 16, what is 3 + 26d?
270
In base 16, what is -18aa + -1?
-18ab
In base 4, what is 23120 - 20?
23100
In base 2, what is 1110111101 + -100?
1110111001
In base 2, what is 101100100 - -1?
101100101
In base 10, what is -43 + 2?
-41
In base 14, what is -5 - -262b?
2626
In base 12, what is -4b2 - -2?
-4b0
In base 7, what is 1 - 11604?
-11603
In base 9, what is -381 + -46?
-437
In base 13, what is -5 + a1?
99
In base 12, what is 35 + -177?
-142
In base 12, what is -28a + -1?
-28b
In base 4, what is 21 - 211?
-130
In base 10, what is 1 + 7413?
7414
In base 15, what is -1 + -5b1?
-5b2
In base 10, what is -9 + -9?
-18
In base 8, what is -1662 + 4?
-1656
In base 7, what is 16 + 434?
453
In base 7, what is 0 - 2525?
-2525
In base 4, what is 111202 + 12?
111220
In base 4, what is 20 + 21?
101
In base 8, what is -42555 + 3?
-42552
In base 12, what is -80 + -4?
-84
In base 15, what is -b8 + -1?
-b9
In base 4, what is 3 + -122020?
-122011
In base 6, what is -1155 - 2?
-1201
In base 8, what is -335 + -20?
-355
In base 13, what is 25 + -10?
15
In base 2, what is 1110001010110 - 10?
1110001010100
In base 4, what is -1 + -1012332?
-1012333
In base 13, what is 7 + -201?
-1c7
In base 16, what is -79 - -7?
-72
In base 4, what is -1012 - 13?
-1031
In base 10, what is 1 - 1161?
-1160
In base 8, what is 0 + -106?
-106
In base 10, what is 8 + -41?
-33
In base 2, what is -11 + 11111100?
11111001
In base 2, what is 1010 + 1100001?
1101011
In base 16, what is -157 + -6?
-15d
In base 4, what is -3 - 33?
-102
In base 16, what is 5 - -1c5?
1ca
In base 9, what is -4275 + 2?
-4273
In base 10, what is 1 + 92?
93
In base 15, what is -88 - -3?
-85
In base 11, what is -5 - 8?
-12
In base 10, what is 30 + 48?
78
In base 7, what is -55 - 12?
-100
In base 12, what is a - -155?
163
In base 6, what is 12121 + -1?
12120
In base 13, what is -a4c2 + -3?
-a4c5
In base 11, what is -16a5 - -13?
-1692
In base 4, what is -230110 + -11?
-230121
In base 14, what is 28b + a?
297
In base 14, what is -b0c - 5?
-b13
In base 3, what is -200 - -12221?
12021
In base 14, what is 169 + 5?
170
In base 9, what is -13 - 26?
-40
In base 15, what is -1 - a?
-b
In base 4, what is -110113 - 3?
-110122
In base 8, what is 1276 - 4?
1272
In base 4, what is 1100 + -10?
1030
In base 7, what is 13 - -2053?
2066
In base 14, what is 3 + -299?
-296
In base 11, what is -207 - -4?
-203
In base 14, what is 6 - -32?
38
In base 5, what is -1240 - 3?
-1243
In base 9, what is -8 - -110?
101
In base 3, what is -1021 - 110?
-1201
In base 12, what is 6b79 - 1?
6b78
In base 5, what is -1 + 1030?
1024
In base 4, what is 10 - 301?
-231
In base 6, what is -4203 - -5?
-4154
In base 14, what is 3095 + -5?
3090
In base 15, what is -7 - -1d?
16
In base 10, what is -61 - 45?
-106
In base 10, what is 935 - -4?
939
In base 3, what is 0 - -22001?
22001
In base 11, what is -369 - -3?
-366
In base 12, what is 641 + 12?
653
In base 3, what is 22 - 2000?
-1201
In base 14, what is 18d - -5?
194
In base 6, what is 5 + -1535?
-1530
In base 12, what is 41 + 5?
46
In base 15, what is 3 + -209?
-206
In base 11, what is 44 - 19?
26
In base 6, what is 0 + 1101?
1101
In base 2, what is 100 + -1100100?
-1100000
In base 16, what is -4e0 - 5?
-4e5
In base 12, what is 14b + -3?
148
In base 8, what is 2 + 65?
67
In base 8, what is 5 + 10?
15
In base 4, what is 31 + -221?
-130
In base 13, what is -12 - 9?
-1b
In base 12, what is -1845 - 0?
-1845
In base 13, what is -43 + 3?
-40
In base 14, what is 7 - 49?
-42
In base 15, what is -1 - -5e?
5d
In base 4, what is 10121 + 10?
10131
In base 11, what is -7 + 37?
30
In base 16, what is -3b + 4d?
12
In base 8, what is 0 + 0?
0
In base 14, what is -58 - 1d?
-77
In base 16, what is 5f - -1d?
7c
In base 5, what is 12 - -110?
122
In base 13, what is -1a + -20?
-3a
In base 13, what is 5 - -6?
b
In base 15, what is 3e + e?
4d
In base 10, what is -63 - 50?
-113
In base 15, what is 3d3 - 0?
3d3
In base 12, what is -1 - 1370?
-1371
In base 14, what is -3 + bbb?
bb8
In base 10, what is 3 + 8?
11
In base 6, what is -244 + -2?
-250
In base 6, what is -53 + 124?
31
In base 4, what is -101 + -1012?
-1113
In base 16, what is -14 - -5?
-f
In base 7, what is 113 - 4?
106
In base 11, what is -2 - 347?
-349
In base 9, what is 8 - -2543?
2552
In base 11, what is -5 - 616?
-620
In base 3, what is 1121 + 22?
1220
In base 13, what is 5 + 99?
a1
In base 11, what is 16 - 19?
-3
In base 2, what is -111011111 - 100?
-111100011
In base 8, what is 156 - -120?
276
In base 12, what is -7371 + 0?
-7371
In base 5, what is -12 + 4?
-3
In base 14, what is -8 + -7?
-11
In base 5, what is 221 - 11?
210
In base 6, what is 35 + -104?
-25
In base 11, what is 677 - -5?
681
In base 7, what is 1 + -254?
-253
In base 16, what is -1be - 2?
-1c0
In base 7, what is -3 + 1425?
1422
In base 10, what is 5 + 249?
254
In base 15, what is 301 + -5?
2eb
In base 2, what is -101001110101 + 101?
-101001110000
In base 2, what is -110 + 11?
-11
In base 16, what is -5 + -b9?
-be
In base 5, what is 3121 - 10?
3111
In base 4, what is -11003 - -31?
-10312
In base 4, what is 10130 - -1?
10131
In base 13, what is 582 - 1?
581
In base 16, what is 4 - -17?
1b
In base 6, what is 251 - -2?
253
In base 5, what is -200 + 3?
-142
In base 3, what is 10220 + 2?
10222
In base 10, what is 22 - -3?
25
In base 7, what is -53 - 64?
-150
In base 15, what is 132 + 1?
133
In base 8, what is -3 + -15?
-20
In base 13, what is 6482 - -1?
6483
In base 5, what is 142 + 20?
212
In base 13, what is a + 3?
10
In base 11, what is 4 - -2171?
2175
In base 12, what is 4 + -68?
-64
In base 3, what is 11 - 20100?
-20012
In base 8, what is -4 - -35?
31
In base 15, what is -2 - c2c?
-c2e
In base 10, what is 0 - -556?
556
In base 2, what is 1 + 100101010?
100101011
In base 11, what is -6a8 + 6?
-6a2
In base 14, what is 419 + 1?
41a
In base 13, what is -5 - 100?
-105
In base 15, what is -3d2e + 3?
-3d2b
In base 2, what is -1000110011 + 10?
-1000110001
In base 14, what is -4 + 18a?
186
In base 8, what is -227 + 5?
-222
In base 5, what is -10001 + -104?
-10110
In base 15, what is -5 + 1308?
1303
In base 8, what is 12 - -3?
15
In base 2, what is -10110 - 10000?
-100110
In base 6, what is -142 - 2?
-144
In base 2, what is -11101011111111 - -1?
-11101011111110
In base 3, what is 11 + 1101?
1112
In base 12, what is 0 + -19b?
-19b
In base 7, what is -13 - 325?
-341
In base 11, what is 2 - -18?
1a
In base 7, what is 2066 + -1?
2065
In base 5, what is 330 - 0?
330
In base 11, what is -162 + 12?
-150
In base 16, what is -e + -1e?
-2c
In base 14, what is 4 + 45?
49
In base 6, what is 3 - -1010?
1013
In base 4, what is -113313 + 20?
-113233
In base 5, what is 1034 - 142?
342
In base 3, what is -110 + 1201?
1021
In base 15, what is -6 + -77?
-7d
In base 15, what is 63 - 0?
63
In base 8, what is 24022 - -5?
24027
In base 11, what is 13 + 348?
360
In base 9, what is -2 - 81?
-83
In base 13, what is 6 - -899?
8a2
In base 2, what is 11110111 + 101011?
100100010
In base 6, what is -4540 - 0?
-4540
In base 9, what is -45 + 6?
-38
In base 7, what is 10565 - -6?
10604
In base 9, what is 1 + -6256?
-6255
In base 10, what is -6179 - -3?
-6176
In base 9, what is -4 + 772?
767
In base 6, what is -4 + 15352?
15344
In base 2, what is 100001111 + -1?
100001110
In base 10, what is -7 - -25?
18
In base 2, what is -1110010 - 100?
-1110110
In base 14, what is 3a0 - -c?
3ac
In base 8, what is -105 + 7?
-76
In base 3, what is 0 + -22020?
-22020
In base 10, what is -223 + 7?
-216
In base 9, what is 3 - -18?
22
In base 8, what is -271 - 4?
-275
In base 4, what is -10 + -3031?
-3101
In base 2, what is 10 - -1111001?
1111011
In base 11, what is 3a - 60?
-21
In base 2, what is 0 + -1000101?
-1000101
In base 6, what is 112 + 33?
145
In base 4, what is 0 + -20032?
-20032
In base 2, what is 110 + 1011001001?
1011001111
In 